0?
11
What is the remainder when 30716 is divided by 57?
50
Calculate the remainder when 72951 is divided by 813.
594
What is the remainder when 268037 is divided by 569?
38
What is the remainder when 56432 is divided by 11283?
17
Calculate the remainder when 165798 is divided by 1692.
1674
What is the remainder when 14627 is divided by 195?
2
What is the remainder when 1846149 is divided by 25?
24
What is the remainder when 1190 is divided by 572?
46
Calculate the remainder when 7298 is divided by 406.
396
Calculate the remainder when 4066 is divided by 1007.
38
What is the remainder when 27451 is divided by 13723?
5
Calculate the remainder when 107123 is divided by 75.
23
Calculate the remainder when 4344 is divided by 7.
4
Calculate the remainder when 44031 is divided by 19.
8
Calculate the remainder when 1609652 is divided by 1589.
1584
What is the remainder when 170766 is divided by 104?
102
What is the remainder when 452543 is divided by 172?
11
Calculate the remainder when 2416 is divided by 35.
1
What is the remainder when 2583417 is divided by 420?
417
What is the remainder when 1117012 is divided by 6?
4
Calculate the remainder when 4929 is divided by 549.
537
Calculate the remainder when 656035 is divided by 497.
492
What is the remainder when 27322 is divided by 24?
10
Calculate the remainder when 2250 is divided by 37.
30
What is the remainder when 167300 is divided by 167293?
7
What is the remainder when 58555 is divided by 16?
11
Calculate the remainder when 600448 is divided by 300220.
8
Calculate the remainder when 37328 is divided by 1287.
5
Calculate the remainder when 1175 is divided by 303.
266
Calculate the remainder when 20270 is divided by 1645.
530
What is the remainder when 1012 is divided by 101?
2
What is the remainder when 13118 is divided by 2619?
23
What is the remainder when 52124 is divided by 196?
184
Calculate the remainder when 579 is divided by 51.
18
Calculate the remainder when 144120 is divided by 3515.
5
What is the remainder when 1003 is divided by 249?
7
Calculate the remainder when 65652 is divided by 96.
84
What is the remainder when 3000 is divided by 26?
10
Calculate the remainder when 10415 is divided by 2.
1
Calculate the remainder when 297599 is divided by 4313.
2
What is the remainder when 1317 is divided by 64?
37
What is the remainder when 41448 is divided by 149?
26
Calculate the remainder when 67 is divided by 40.
27
Calculate the remainder when 9834 is divided by 179.
168
Calculate the remainder when 219316 is divided by 31.
22
Calculate the remainder when 3513619 is divided by 113.
110
Calculate the remainder when 2075 is divided by 209.
194
What is the remainder when 5767 is divided by 314?
115
Calculate the remainder when 23046 is divided by 50.
46
Calculate the remainder when 6515 is divided by 139.
121
Calculate the remainder when 11698 is divided by 22.
16
What is the remainder when 44608 is divided by 44574?
34
Calculate the remainder when 933 is divided by 35.
23
What is the remainder when 6911 is divided by 1094?
347
What is the remainder when 546 is divided by 158?
72
Calculate the remainder when 66804 is divided by 13.
10
Calculate the remainder when 108962 is divided by 641.
633
What is the remainder when 34998 is divided by 473?
469
Calculate the remainder when 30422 is divided by 358.
350
Calculate the remainder when 534 is divided by 260.
14
What is the remainder when 10036 is divided by 6?
4
What is the remainder when 2760 is divided by 154?
142
What is the remainder when 2225 is divided by 92?
17
Calculate the remainder when 8608 is divided by 4288.
32
What is the remainder when 8512 is divided by 4227?
58
What is the remainder when 526157 is divided by 20?
17
What is the remainder when 1854 is divided by 367?
19
Calculate the remainder when 22989 is divided by 95.
94
Calculate the remainder when 502 is divided by 245.
12
What is the remainder when 5543184 is divided by 1157?
1154
Calculate the remainder when 171178 is divided by 135.
133
What is the remainder when 134890 is divided by 108?
106
What is the remainder when 180906 is divided by 98?
96
What is the remainder when 192541 is divided by 32?
29
What is the remainder when 4356 is divided by 866?
26
Calculate the remainder when 227384 is divided by 56844.
8
Calculate the remainder when 13937 is divided by 556.
37
What is the remainder when 2693 is divided by 223?
17
What is the remainder when 128083 is divided by 15?
13
Calculate the remainder when 997 is divided by 27.
25
What is the remainder when 279326 is divided by 1693?
1674
What is the remainder when 2923 is divided by 677?
215
What is the remainder when 9996 is divided by 303?
300
What is the remainder when 35193 is divided by 160?
153
Calculate the remainder when 30335 is divided by 13.
6
What is the remainder when 272320 is divided by 68070?
40
What is the remainder when 5484 is divided by 85?
44
Calculate the remainder when 65693 is divided by 16420.
13
What is the remainder when 8489 is divided by 194?
147
Calculate the remainder when 113522 is divided by 37775.
197
Calculate the remainder when 348942 is divided by 8.
6
Calculate the remainder when 26256 is divided by 38.
36
What is the remainder when 403259 is divided by 64?
59
Calculate the remainder when 693 is divided by 188.
129
Calculate the remainder when 9573 is divided by 57.
54
Calculate the remainder when 43506 is divided by 222.
216
What is the remainder when 2842 is divided by 2790?
52
What is the remainder when 18803 is divided by 165?
158
Calculate the remainder when 15493 is divided by 629.
397
Calculate the remainder when 12701 is divided by 12289.
412
Calculate the remainder when 53574 is divided by 248.
6
What is the remainder when 16082 is divided by 107?
32
Calculate the remainder when 34252 is divided by 18.
16
Calculate the remainder when 29353 is divided by 2253.
64
What is the remainder when 6120 is divided by 5232?
888
Calculate the remainder when 1165 is divided by 78.
73
What is the remainder when 340545 is divided by 156?
153
Calculate the remainder when 178 is divided by 80.
18
What is the remainder when 944246 is divided by 212?
210
What is the remainder when 21582 is divided by 7184?
30
What is the remainder when 18109 is divided by 145?
129
What is the remainder when 32151 is divided by 8?
7
Calculate the remainder when 2811 is divided by 455.
81
Calculate the remainder when 1964 is divided by 891.
182
What is the remainder when 32197 is divided by 1399?
20
Calculate the remainder when 301441 is divided by 34.
31
Calculate the remainder when 207332 is divided by 103665.
2
What is the remainder when 9346 is divided by 208?
194
Calculate the remainder when 5505 is divided by 4675.
830
What is the remainder when 428272 is divided by 85649?
27
Calculate the remainder when 402 is divided by 98.
10
What is the remainder when 2124 is divided by 1836?
288
Calculate the remainder when 1909 is divided by 684.
541
What is the remainder when 6900 is divided by 139?
89
What is the remainder when 1889733 is divided by 1109?
1106
What is the remainder when 6032 is divided by 78?
26
Calculate the remainder when 2847 is divided by 2730.
117
What is the remainder when 3086 is divided by 437?
27
Calculate the remainder when 5457 is divided by 1378.
1323
What is the remainder when 187081 is divided by 1051?
3
Calculate the remainder when 44957 is divided by 308.
297
What is the remainder when 324885 is divided by 248?
5
What is the remainder when 12253 is divided by 674?
121
Calculate the remainder when 2587 is divided by 646.
3
What is the remainder when 3913 is divided by 218?
207
What is the remainder when 1485 is divided by 139?
95
What is the remainder when 21354 is divided by 4268?
14
What is the remainder when 26703 is divided by 2666?
43
Calculate the remainder when 203226 is divided by 46.
44
What is the remainder when 11224 is divided by 401?
397
What is the remainder when 1190 is divided by 88?
46
What is the remainder when 15613 is divided by 15?
13
Calculate the remainder when 2991 is divided by 656.
367
What is the remainder when 50149 is divided by 209?
198
What is the remainder when 668801 is divided by 90?
11
What is the remainder when 8670 is divided by 111?
12
What is